0?
False
Does 63 divide 2898?
True
Does 86 divide 20898?
True
Does 42 divide 966?
True
Does 10 divide 1970?
True
Is 16 a factor of 200?
False
Is 96 a multiple of 66?
False
Is 167 a factor of 21543?
True
Does 16 divide 527?
False
Is 36 a factor of 3888?
True
Is 13 a factor of 1313?
True
Is 7 a factor of 436?
False
Is 640 a multiple of 17?
False
Is 5 a factor of 6970?
True
Is 5 a factor of 730?
True
Is 1746 a multiple of 24?
False
Is 50 a factor of 550?
True
Is 13 a factor of 1014?
True
Does 7 divide 5985?
True
Is 6 a factor of 179?
False
Does 70 divide 11130?
True
Is 6280 a multiple of 5?
True
Does 8 divide 528?
True
Does 3 divide 1653?
True
Is 163 a factor of 910?
False
Does 22 divide 440?
True
Does 112 divide 2675?
False
Is 20 a factor of 3085?
False
Is 16040 a multiple of 40?
True
Does 13 divide 1113?
False
Does 9 divide 928?
False
Is 59 a factor of 3127?
True
Does 186 divide 10905?
False
Is 2220 a multiple of 30?
True
Is 161 a factor of 3727?
False
Is 126 a multiple of 44?
False
Does 8 divide 2658?
False
Does 7 divide 153?
False
Does 28 divide 2070?
False
Does 12 divide 1056?
True
Is 4267 a multiple of 9?
False
Is 2335 a multiple of 22?
False
Does 6 divide 2964?
True
Is 10 a factor of 5200?
True
Does 5 divide 788?
False
Is 77 a factor of 61116?
False
Does 16 divide 117968?
True
Is 1431 a multiple of 24?
False
Does 12 divide 7094?
False
Does 116 divide 4756?
True
Is 4631 a multiple of 45?
False
Is 43571 a multiple of 19?
False
Is 223 even?
False
Is 1374 a multiple of 14?
False
Is 110 a factor of 41565?
False
Does 21 divide 2073?
False
Does 74 divide 4558?
False
Does 6 divide 43?
False
Is 176 even?
True
Is 8 a factor of 1930?
False
Does 8 divide 1072?
True
Is 195 a multiple of 13?
True
Is 6 a factor of 4953?
False
Is 1890 a multiple of 42?
True
Is 18 a factor of 721?
False
Does 11 divide 4493?
False
Does 24 divide 579?
False
Is 5213 a multiple of 22?
False
Is 1579 a multiple of 90?
False
Does 120 divide 22446?
False
Is 152 a factor of 38456?
True
Is 976 a multiple of 4?
True
Is 29856 a multiple of 23?
False
Is 651 a multiple of 7?
True
Does 27 divide 766?
False
Is 5 a factor of 404?
False
Is 8915 a multiple of 133?
False
Is 2180 a multiple of 20?
True
Is 9 a factor of 5859?
True
Does 150 divide 7722?
False
Is 116 a factor of 5287?
False
Is 5518 a multiple of 31?
True
Is 2403 a multiple of 90?
False
Is 27 a factor of 378?
True
Is 1122 a multiple of 17?
True
Is 16340 a multiple of 172?
True
Does 71 divide 92371?
True
Does 17 divide 1894?
False
Is 55 a factor of 13106?
False
Is 105 a factor of 30932?
False
Does 139 divide 135517?
False
Does 6 divide 16916?
False
Is 70 a factor of 8897?
False
Does 7 divide 7955?
False
Is 5 a factor of 93?
False
Does 22 divide 3113?
False
Is 589 a multiple of 47?
False
Is 57 a factor of 22572?
True
Does 82 divide 8692?
True
Does 4 divide 12887?
False
Is 5059 a multiple of 10?
False
Does 2 divide 47?
False
Is 4 a factor of 1010?
False
Is 170 a factor of 48620?
True
Is 133 a factor of 3177?
False
Is 3733 a multiple of 9?
False
Is 16 a factor of 2896?
True
Is 14 a factor of 19562?
False
Does 25 divide 5805?
False
Does 37 divide 698?
False
Does 22 divide 7058?
False
Does 62 divide 82280?
False
Does 5 divide 195?
True
Does 168 divide 28224?
True
Is 124 a multiple of 2?
True
Is 7 a factor of 2958?
False
Does 46 divide 7016?
False
Does 5 divide 59382?
False
Is 15 a factor of 105?
True
Does 21 divide 2014?
False
Is 24645 a multiple of 265?
True
Is 106 a factor of 22763?
False
Does 10 divide 8141?
False
Is 26 a factor of 5403?
False
Is 5244 a multiple of 14?
False
Does 22 divide 1185?
False
Does 40 divide 4920?
True
Is 4125 a multiple of 55?
True
Does 95 divide 1697?
False
Is 13 a factor of 21213?
False
Does 14 divide 1313?
False
Is 5 a factor of 450?
True
Is 23 a factor of 690?
True
Is 3192 a multiple of 76?
True
Is 24 a factor of 18017?
False
Is 106 a multiple of 4?
False
Does 65 divide 605?
False
Is 11 a factor of 781?
True
Does 172 divide 2196?
False
Is 13 a factor of 1571?
False
Is 33 a factor of 627?
True
Does 12 divide 36626?
False
Is 14 a factor of 837?
False
Is 340 a multiple of 4?
True
Is 12 a factor of 2811?
False
Is 34 a factor of 442?
True
Does 17 divide 50291?
False
Is 26 a factor of 1413?
False
Is 268 a multiple of 15?
False
Is 2 a factor of 674?
True
Is 1477 a multiple of 13?
False
Is 5 a factor of 239?
False
Is 144 a multiple of 22?
False
Is 53 a factor of 6034?
False
Is 15190 a multiple of 98?
True
Does 7 divide 63?
True
Is 129 a factor of 24140?
False
Does 79 divide 36814?
True
Is 619 a multiple of 12?
False
Is 107 a multiple of 14?
False
Is 82 a factor of 1181?
False
Does 18 divide 1023?
False
Is 64 a factor of 41088?
True
Is 35 a factor of 35202?
False
Is 148 a factor of 722?
False
Is 2090 a multiple of 10?
True
Does 25 divide 265?
False
Is 24 a factor of 8976?
True
Is 42 a factor of 515?
False
Does 17 divide 17732?
False
Is 1404 a multiple of 41?
False
Does 9 divide 3699?
True
Does 334 divide 13694?
True
Is 16 a factor of 2026?
False
Is 10846 a multiple of 29?
True
Is 92 a factor of 608?
False
Is 840 a multiple of 28?
True
Does 26 divide 4577?
False
Is 399 a multiple of 48?
False
Is 72 a factor of 504?
True
Is 6 a factor of 126?
True
Does 12 divide 684?
True
Is 628 a multiple of 10?
False
Is 12118 a multiple of 166?
True
Is 20 a factor of 20461?
False
Does 12 divide 696?
True
Does 47 divide 18462?
False
Is 3 a factor of 621?
True
Does 137 divide 1507?
True
Does 18 divide 324?
True
Is 13 a factor of 91?
True
Is 1138 a multiple of 5?
False
Is 140 a multiple of 46?
False
Is 3152 a multiple of 197?
True
Is 1002 a multiple of 6?
True
Is 26 a factor of 21424?
True
Is 6627 a multiple of 27?
False
Is 34 a factor of 1429?
False
Does 9 divide 266?
False
Does 3 divide 28964?
False
Does 5 divide 13318?
False
Is 4784 a multiple of 16?
True
Is 96 a factor of 9888?
True
Does 149 divide 8605?
False
Is 1150 a multiple of 26?
False
Is 704 a multiple of 8?
True
Does 20 divide 838?
False
Is 15679 a multiple of 280?
False
Is 20 a factor of 22992?
False
Is 13 a multiple of 3?
False
Is 3888 a multiple of 48?
True
Does 31 divide 26412?
True
Is 529 a multiple of 20?
False
Is 9108 a multiple of 23?
True
Is 1885 a multiple of 117?
False
Is 11 a factor of 747?
False
Is 36608 a multiple of 159?
False
Is 10144 a multiple of 18?
False
Does 80 divide 10560?
True
Is 34 a factor of 850?
True
Is 4597 a multiple of 38?
False
Is 15 a factor of 26084?
False
Is 27281 a multiple of 21?
False
Is 18 a factor of 351?
False
Is 494 a multiple of 11?
False
Is 26304 a multiple of 16?
True
Is 18 a factor of 234?
True
Does 50 divide 7250?
True
Is 6 a factor of 456?
True
Is 156 a factor of 30921?
False
Is 61596 a multiple of 12?
True
Does 4 divide 1956?
True
Does 4 divide 1197?
False
Does 106 divide 41658?
True
Is 855 a multiple of 45?
True
Does 50 divide 3200?
True
Does 27 divide 181?
False
Is 765 a multiple of 17?
True
Is 5 a factor of 19?
False
Does 7 divide 34823?
False
Is 64 a multiple of 3?
False
Is 2080 a multiple of 40?
True
Is 33 a factor of 4191?
True
Does 157 divide 89961?
True
Does 7 divide 11095?
True
Does 12 divide 2452?
False
Is 6 a factor of 60?
True
Is 360 a multiple of 10?
True
Is 447 a factor of 114979?
False
Is 62 a factor of 930?
True
Does 56 divide 37021?
False
Is 20 a factor of 220?
True
Does 76 divide 912?
True
Is 5 a factor of 1747?
False
Is 671 a multiple of 11?
True
Is 86 a factor of 1290?
True
Is 2 a factor of 859?
False
Is 12 a factor of 312?
True
Is 21 a factor of 24012?
False
Does 76 divide 2584?
True
Does 41 divide 2009?
True
Is 22 a factor of 6006?
True
Is 103 a factor of 6232?
False
Does 55 divide 2475?
True
Is 26448 a multiple of 58?
True
Is 8 a factor of 12928?
True
Does 4 divide 2865?
False
Is 19 a factor of 36302?
False
Does 3 divide 204?
True
Is 2552 a multiple of 22?
True
Is 6390 a multiple of 55?
False
Is 176 a factor of 5280?
True
Is 51863 a multiple of 16?
False
Does 8 divide 488?
True
Is 34 a factor of 2206?
False
Does 14 divide 28?
True
Does 52 divide 54?
False
Is 70 a factor of 13402?
False
Is 936 a multiple of 8?
True
Is 7 a factor of 701?
False
Does 4 divide 3609?
False
Does 43 divide 1806?
True
Does 55 divide 602?
False
Does 40 divide 12187?
False
Is 27 a factor of 2025?
True
Does 11 divide 2377?
